tens digit of q?
1
Let u be 4/26 - 189/(-39). Suppose 0 = -u*n + 5*v + 45, 8*n - 38 = 4*n + 3*v. Suppose q - n = -3*x + 26, -2*q - 3 = -x. What is the tens digit of x?
1
What is the tens digit of (-36)/(-6)*(14/4 - 0)?
2
Let w = -91 - -129. What is the tens digit of w?
3
Let h(f) = f**2 - 5*f + 1. Let k be h(5). Let o = 14 + k. What is the units digit of o + -3 + (1 - 0)?
3
Suppose 3*y = 144 + 540. What is the tens digit of y?
2
Let h(u) = 7*u - 15. What is the tens digit of h(7)?
3
Let h = -24 - -91. What is the units digit of h?
7
Let c be 3/(-6) + 6/(-4). Let m(b) = 21*b + 13. Let f(j) = 14*j + 9. Let t(d) = 7*f(d) - 5*m(d). What is the units digit of t(c)?
2
Suppose 0 = w - 32 + 11. What is the units digit of w?
1
Let q = -101 + 199. What is the units digit of q?
8
Suppose 0 = 5*f - 0*f - 4*x + 65, 0 = 2*x - 10. Let q = f - -20. What is the units digit of q?
1
Let d(w) = 4 - 7 - 1 + 3*w - 6. What is the units digit of d(9)?
7
Let p = -9 + 109. What is the tens digit of p?
0
What is the units digit of (-75)/(-7) + 24/84?
1
Let s(m) = -1 + 7*m**2 - m**3 + 3*m - 5 - m**2. Let o be s(6). Suppose -n = 3*n - o. What is the units digit of n?
3
Suppose l - 9 - 21 = x, 5*l - 152 = 3*x. What is the tens digit of l?
3
Let q = 54 - 28. Let a = 1 + q. What is the units digit of a?
7
Let c(i) be the second derivative of i**7/2520 - i**6/80 - i**5/60 + i**4/12 + 4*i. Let s(f) be the third derivative of c(f). What is the units digit of s(10)?
8
Let a(u) = u + 14. Let f be a(-6). Let v = 11 - 15. Let b = v + f. What is the units digit of b?
4
Let c(g) = -g - 8. Let i be c(-3). Let f = 33 - i. What is the units digit of f?
8
Suppose c = 4*c - 69. What is the tens digit of c?
2
Suppose b + 4*u - 19 = 0, 6*u - 29 = -3*b + u. Suppose 10 = b*a - 2*x + 1, 5*a - 10 = 5*x. Suppose -20 = -a*y + y. What is the units digit of y?
5
Suppose 4*f - 19 = -3*x + 5*f, 4*f = 3*x - 4. Let l = x + -14. Let c(m) = -2*m - 5. What is the units digit of c(l)?
7
Suppose 0 = 2*a - 2*t - 354, 906 = a + 4*a + 2*t. What is the tens digit of a?
8
Let n be 1/(-2)*-4 + -9. Let t(a) be the first derivative of -a**3/3 - 4*a**2 - 5*a + 3. What is the units digit of t(n)?
2
Suppose 127 = 3*i - 5. What is the tens digit of (-8)/(36/i - 1)?
4
What is the tens digit of -1 + 51 + -3 + 3?
5
Let u = 16 + -4. What is the units digit of u?
2
Suppose -3*f = -4*k + 23, -2*k + 0*k = -5*f - 1. Suppose 4*l - k*l + 55 = 5*u, -2*u + 5*l = 11. Let a = u - 4. What is the units digit of a?
3
What is the tens digit of -1 - -22*1 - -2?
2
Suppose -s = -6 + 1. Suppose s*d - 11 = 44. What is the tens digit of d?
1
Let x(p) = -p**2 - 8*p - 12. Let j be x(-6). Let g(n) = n**2 + 30. What is the units digit of g(j)?
0
Let x be (1 - 3)*54/(-4). Let l = x - 15. Suppose -3*g = 3*z - l, -4*g + z + 12 = 3*z. What is the units digit of g?
2
Let a(l) = -l**2 + 9*l - 9. Let h be (-4)/(-6)*18/2. What is the units digit of a(h)?
9
Let s = -51 - -81. What is the tens digit of s?
3
Let y(f) be the third derivative of -f**6/120 + 4*f**5/15 + 5*f**3/3 + 4*f**2. What is the tens digit of y(16)?
1
Let u = -205 + 469. What is the hundreds digit of u?
2
Let c(b) = b**2 - 19*b + 46. What is the hundreds digit of c(25)?
1
Suppose 20 = 2*v + 3*v. Let l be (4/(-6))/(v/(-18)). Suppose -5*z + 8 = k, -2*z + l - 10 = -3*k. What is the units digit of z?
1
Suppose 5*q + k - 6 = 0, -3*q - 6 = 5*k - 2*k. Suppose q*o = -2*j + 8, 4*j - 5*j + 3*o - 12 = 0. Suppose 2*f + 3*f - 65 = j. What is the tens digit of f?
1
Let o(p) = 8*p. Let a be o(2). Let f = 36 - a. What is the units digit of f?
0
Let z be -20 + 23 - 26/(-1). Let q be 5/1*2/5. What is the tens digit of q/6 - z/(-3)?
1
Let w = 83 - 60. What is the units digit of w?
3
Suppose 2 + 2 = q. Suppose q - 7 = -t. What is the units digit of t?
3
Let k be 45/(-18) - (-2)/(-4). Let j be (3 - 3) + -3 - k. Suppose -p - 4 = -5*q, 0 = -j*p + 3*p - 3*q - 12. What is the units digit of p?
6
Let y = -59 - -99. What is the tens digit of y?
4
Let p = 4 + -4. Suppose p = 3*k - 7*k + 100. What is the tens digit of k?
2
Let r = 267 - 171. What is the units digit of r?
6
Let y = 308 + -219. What is the units digit of y?
9
Suppose -5*j - 2*w - 24 = 0, 5*j + w - 4*w = -14. Let g(h) = h**2 + 2*h - 2. What is the units digit of g(j)?
6
Suppose -2*t + 7*t = 5*a + 40, -9 = 3*a. What is the units digit of t?
5
Let i = 42 - -19. What is the units digit of i?
1
Suppose -2*h - 3*i - 25 = 0, 5*h + 55 = -i - 4*i. Let q = h + 16. Suppose 0*v - 2*v = -q. What is the units digit of v?
4
Let b be 1 + (2 - 3)/(-1). Suppose 5*d = -5*y + 115, b*y - 6 - 20 = 3*d. What is the units digit of y?
9
Suppose -s = -4*s + 12. What is the units digit of s/(-12) - (-70)/3?
3
Let n = -75 - -31. Let w = -8 - n. What is the units digit of w?
6
Let n = 12 - 2. Let v(d) be the third derivative of -d**6/120 + 3*d**5/20 + d**4/2 - d**3/3 + 2*d**2. What is the units digit of v(n)?
8
Suppose -10*m + 9*m = -37. Suppose c - m = -4*i, -2*i = -c - 3*c + 148. What is the tens digit of c?
3
Suppose -2*m - 4*s + 6 = 0, m = 2*m + 4*s - 3. Suppose 0 = c + 1 - m. What is the units digit of c?
2
Suppose 0*p - 7*p = -287. What is the tens digit of p?
4
Suppose 0 = 5*w + 6 + 9, 3*w - 12 = -c. What is the units digit of ((-20)/(-6))/(2/c)?
5
Let n(p) = 0*p + 2*p + 4 - 1 + 0. What is the tens digit of n(5)?
1
Suppose -3*s + 2*s = -2. Let a(k) = 30*k - 4. What is the tens digit of a(s)?
5
Suppose -5*z - 35 = 2*r, -2*z + 28 = -r + 6. Let a be 4/10 + (-92)/r. Suppose v = -3*s + 6, s + 30 = a*v + 3*s. What is the units digit of v?
6
Let d(g) = g**3 + 10*g**2 - 11*g + 4. Let p be d(-11). Suppose 7 = x + 4*r - 10, -4*r = -p*x + 48. What is the tens digit of x?
1
Let a be (-2 - 0/(-1)) + 4. Let h be (-20)/25 + (-148)/(-10). What is the units digit of 234/h - a/(-7)?
7
Let l(f) = 2*f**3 + f**2 + 3*f - 2. Let d(s) = s**3 + 2*s**2 + 2. Let t be d(-2). What is the units digit of l(t)?
4
Let d(t) = -t**2 - 8*t - 8. Let h be d(-7). What is the tens digit of 15*(h - (-2 - 0))?
1
Let a be 13/(-4) + (-1)/(-4). Let g be (2/3)/(a/(-9)). Suppose -c - g*c + 30 = 0. What is the units digit of c?
0
Let m = -10 - -12. Let v = -2 + 6. Suppose 2*q = -4, m*h - 4*h + v*q = -42. What is the units digit of h?
7
What is the tens digit of 64/(-160)*-1*500?
0
Suppose -w = -38 - 51. What is the units digit of w?
9
Let m(s) = 5*s**2. Let a be m(-1). Suppose n - 1 - a = 3*g, -n = g - 18. What is the tens digit of n?
1
Let c(m) = 1 + 3*m - 4*m + 1 - m**2. Let v(y) = y**2 + 2*y - 3. Let i be v(-3). What is the units digit of c(i)?
2
Let z(p) = 4*p**2 + 7*p - 4*p**2 + p**2. Let x be z(-5). What is the units digit of -2*1 - -2 - x?
0
Suppose 2 = -n + 11. Let a = -5 + n. Suppose -2*t = -a*y - 30, 4 = 3*y + y. What is the tens digit of t?
1
Suppose -5*s + 130 = 15. What is the units digit of s?
3
Suppose n + 7*w - 1 = 4*w, -1 = w. Suppose -24 = -0*s - n*s. Suppose 2 = v, -2 = c + v - s. What is the units digit of c?
2
What is the tens digit of (48/(-15))/((-9)/135)?
4
Let f = 6 - 8. What is the tens digit of (0 - 2) + 10 - f?
1
Suppose -269 = -5*j - 99. What is the tens digit of j?
3
Suppose 7*g = 4*g + 36. Suppose -h + g = 2*h. Suppose -h = -4*a + 36. What is the tens digit of a?
1
What is the tens digit of (-112)/(-8)*(8 - -2)?
4
Let q(t) = -2*t + 1. Let a(p) = 4*p - 2. Let g(i) = -6*a(i) - 11*q(i). What is the tens digit of g(-7)?
1
Let k(x) = -47*x - 2. Let m(r) = -r - 6. Let t be m(-5). What is the tens digit of k(t)?
4
Let c be -9 - -4*(-2)/(-4). Suppose 0 = -0*i - 3*i - 30. Let l = c - i. What is the units digit of l?
3
Let c(f) be the first derivative of -4*f + 5/2*f**2 + 1/3*f**3 + 1. What is the units digit of c(-6)?
2
Let k be (-4)/18 + (-1068)/54. Let f = k + 36. What is the tens digit of f?
1
Let q(g) = g**2 - g + 8. Let p be q(-4). Suppose 4*y - 36 = -6*u + 3*u, -3*y - 2*u + p = 0. What is the units digit of y?
2
Suppose -4*m = -4*k - 64, -3*m + 44 = -2*k - 6. Let q be (22/6)/(2/18). Suppose -q = -2*v - 0*s + 3*s, -2*v = 2*s - m. What is the units digit of v?
2
Let f = 17 + -14. What is the tens digit of (36 - 5) + f*-1?
2
Let d(h) be the second derivative of -h**4/12 - 3*h**3/2 - 4*h**2 + 5*h. Let m = 3 + -9. What is the units digit of d(m)?
0
Suppose 2*g - 4*j = 3*g + 4, -3*j - 3 = 0. Su